6b9eda (base 15) to base 10
-5146855
-57466 (base 9) to base 2
-1001010110010100
Convert 1272655 (base 8) to base 10.
357805
-912117 (base 10) to base 5
-213141432
What is -8320372 (base 9) in base 4?
-100330133321
260387 (base 12) to base 3
1011122001211
Convert -41220344 (base 5) to base 8.
-1217554
Convert -120011302 (base 4) to base 7.
-560452
-1242141000 (base 5) to base 13
-83c8a2
Convert 2000000101000 (base 3) to base 6.
34442000
Convert -372821 (base 9) to base 15.
-46ad4
164404 (base 8) to base 2
1110100100000100
-4020203331 (base 5) to base 8
-36331052
What is -902278 (base 10) in base 9?
-1624621
Convert -100000110101111 (base 2) to base 11.
-116a7
11111010100011111 (base 2) to base 12
622a7
54085 (base 11) to base 15
18467
Convert 252a29 (base 11) to base 3.
202021121120
15930 (base 16) to base 5
10311433
Convert -62213515 (base 7) to base 9.
-10726054
Convert -332402 (base 6) to base 7.
-144014
What is -210034001 (base 5) in base 9?
-1553081
Convert -10101100101000111011 (base 2) to base 8.
-2545073
What is 112333131 (base 4) in base 10?
94173
What is -2303061 (base 11) in base 15?
-549290
Convert 196604 (base 15) to base 2.
100101101111001111100
Convert 20312204 (base 6) to base 15.
b8504
Convert -10001010010010111 (base 2) to base 3.
-10121010111
What is 634522 (base 7) in base 11?
75448
Convert -101120010 (base 3) to base 16.
-1e12
-41153 (base 8) to base 13
-797c
Convert -2221e (base 15) to base 5.
-11432404
What is -507304 (base 8) in base 15?
-349ea
1242334 (base 7) to base 5
20133400
Convert 82327 (base 9) to base 2.
1101001111000110
What is a9ca25 (base 15) in base 16?
7b7a00
Convert -44441055 (base 7) to base 11.
-21945a2
2601542 (base 7) to base 12
142a72
What is 122743 (base 9) in base 10?
74235
Convert -11002022020 (base 3) to base 7.
-453303
Convert 10003030011 (base 4) to base 8.
4031405
Convert 287856 (base 14) to base 7.
14634536
-a977d (base 16) to base 13
-1b3c46
What is -131451415 (base 6) in base 10?
-2604035
Convert 230440044 (base 5) to base 6.
34031305
-235301 (base 6) to base 16
-5095
Convert -a05718 (base 11) to base 6.
-54402515
-270647 (base 10) to base 9
-452228
What is 53442126 (base 7) in base 4?
101112122121
Convert -1183809 (base 11) to base 4.
-13311220312
6652502 (base 7) to base 2
11001000000111011010
What is 10010000011001 (base 2) in base 5?
243431
-2223703 (base 9) to base 3
-2020210210010
What is -22015483 (base 9) in base 8?
-50454101
What is 288443 (base 15) in base 11?
1113395
Convert 4375a (base 15) to base 6.
4332021
142d (base 14) to base 2
110111110001
Convert -1134a8 (base 11) to base 10.
-180287
62423504 (base 7) to base 16
501b48
Convert -1001100100010100111011 (base 2) to base 5.
-1120224331
10621354 (base 8) to base 10
2302700
-5b3aa (base 14) to base 7
-1616103
2285a5 (base 15) to base 16
192698
321 (base 15) to base 4
23002
What is -110012022212 (base 3) in base 16?
-3a9d0
What is -16fe75 (base 16) in base 11?
-93a1aa
5531380 (base 9) to base 16
2d5df9
19270 (base 15) to base 11
56301
-81403 (base 9) to base 14
-15728
What is -1344112042 (base 5) in base 14?
-672d94
What is -218514 (base 9) in base 7?
-1053442
-701252 (base 8) to base 6
-4533030
What is 19859a2 (base 11) in base 9?
6258762
What is 120000112 (base 4) in base 6?
2035114
b0c2c (base 15) to base 5
120401432
Convert 355543 (base 9) to base 5.
23322131
Convert 170a687 (base 11) to base 12.
b85961
What is -23140 (base 11) in base 10?
-33440
276940 (base 13) to base 12
3a1b84
What is -2344400 (base 5) in base 11?
-2a940
-301121 (base 4) to base 10
-3161
What is 2164d (base 14) in base 9?
132771
Convert -1625456 (base 7) to base 12.
-aa425
11330241 (base 6) to base 7
3002536
115515321 (base 6) to base 15
2e1ec4
Convert -111011110100110110 (base 2) to base 7.
-2040264
Convert -282575 (base 10) to base 15.
-58ad5
What is 198b0 (base 16) in base 5?
11321444
What is -110112202101022 (base 3) in base 4?
-121123313000
What is 5115a (base 11) in base 13?
2801b
What is -9cf4e (base 16) in base 10?
-642894
Convert -1292e (base 15) to base 13.
-21098
What is -26a1232 (base 12) in base 3?
-112102220021002
-474c9 (base 15) to base 10
-227214
What is -2b64a1 (base 14) in base 16?
-17205d
What is 24442014 (base 5) in base 10?
234009
Convert -113230200202 (base 4) to base 12.
-20b682a
Convert 92a6e (base 15) to base 2.
1110001011101011001
What is -11013220 (base 4) in base 11?
-14832
Convert 742b2 (base 14) to base 6.
10002152
What is -4103437 (base 9) in base 15?
-2d318d
Convert -693ab5 (base 14) to base 7.
-42312115
What is -11010011110100110101 (base 2) in base 14?
-1882a1
What is 468512 (base 12) in base 2?
100010100111011011110
573632 (base 8) to base 12
9464a
What is -757777 (base 9) in base 12?
-199614
132122220032 (base 4) to base 12
2806292
Convert 9d1d25 (base 14) to base 15.
708b34
-1776736 (base 11) to base 2
-1011011110111011100101
Convert 13122305 (base 8) to base 7.
33603633
Convert 1518b (base 16) to base 14.
236c3
What is -1023816 (base 10) in base 5?
-230230231
-1011011110001111100 (base 2) to base 11
-237497
What is -152240303 (base 6) in base 15?
-431320
-102212020110 (base 3) to base 4
-320333232
Convert -18736b (base 14) to base 8.
-3231423
Convert 43302442 (base 5) to base 2.
1011010000111100010
Convert -3133322 (base 7) to base 5.
-44100044
d2a1a (base 14) to base 4
1323300000
What is -16074a0 (base 11) in base 16?
-29ed82
Convert 89032 (base 12) to base 4.
230103212
Convert 61415370 (base 8) to base 9.
26377331
-100001101011100110001 (base 2) to base 13
-2c8474
18725828 (base 9) to base 2
100100000110110111000001
What is -2d16d5 (base 16) in base 15?
-3d582a
20432103 (base 7) to base 3
10020111111020
3a796 (base 14) to base 9
238713
5128844 (base 9) to base 10
2735896
15bb0 (base 12) to base 14
b48c
Convert -d91a0 (base 15) to base 13.
-1b1725
What is -93316 (base 10) in base 6?
-2000004
-1068282 (base 9) to base 8
-2146553
Convert 7274058 (base 9) to base 3.
21022111001222
Convert 10000011101 (base 3) to base 6.
1133531
What is -39601 (base 12) in base 14?
-20921
What is -37c09 (base 14) in base 5?
-13334232
-10010110101010111111110 (base 2) to base 13
-103b339
What is -211030330210 (base 4) in base 12?
-3323884
What is 5005611 (base 8) in base 11?
817a89
What is 23302 (base 6) in base 7?
12524
What is -12dd94 (base 15) in base 10?
-907564
Convert 2860443 (base 11) to base 7.
56550516
What is -10db88 (base 14) in base 7?
-4615431
Convert -1926400 (base 10) to base 2.
-111010110010100000000
Convert -1466612 (base 7) to base 6.
-4153312
-4220443 (base 5) to base 14
-1b7ab
233164 (base 10) to base 8
707314
-1004031100 (base 5) to base 16
-1ec972
30130110 (base 4) to base 5
3112324
4622127 (base 9) to base 7
30130210
Convert -777a65 (base 11) to base 3.
-2100000120022
Convert 200553305 (base 6) to base 8.
14773051
What is -656152 (base 9) in base 6?
-12220545
Convert 24432520 (base 6) to base 13.
214cb6
Convert -100100001100111010 (base 2) to base 5.
-14221112
46deb (base 15) to base 7
1630406
What is 1ac93 (base 14) in base 10?
68337
Convert -1f1c7 (base 16) to base 7.
-1040343
-1629a3 (base 12) to base 11
-2390a9
12222202210 (base 3) to base 5
12233210
-514635 (base 7) to base 13
-31161
18182 (base 12) to base 3
1202201222
What is 20140140 (base 5) in base 13?
58915
Convert -856724 (base 10) to base 5.
-204403344
What is -320331310 (base 5) in base 16?
-1470bc
Convert -65893 (base 11) to base 10.
-95571
What is -22204212 (base 5) in base 14?
-50b51
What is 1277671 (base 12) in base 15?
4be0ea
-1230325 (base 6) to base 8
-201255
1100000011110101101111 (base 2) to base 13
868cab
What is -1119a06 (base 14) in base 6?
-450150102
What is -22201012000 (base 3) in base 2?
-101001110110111010
Convert 110337 (base 8) to base 13.
13b5b
What is 111047 (base 10) in base 14?
2c67d
Convert 101521143 (base 6) to base 3.
10022211021100
What is 202011012222 (base 3) in base 9?
664188
What is 101121200112 (base 3) in base 16?
33062
Convert -40406631 (base 7) to base 11.
-1998287
2b95471 (base 13) to base 14
1c08667
What is 1196245 (base 13) in base 9?
11254614
Convert -1528343 (base 9) to base 3.
-1120222101110
-9dd48 (base 16) to base 2
-10011101110101001000
Convert 4402300 (base 6) to base 11.
139a96
Convert 5425265 (base 